{"id":2,"date":"2012-05-16T11:11:46","date_gmt":"2012-05-16T08:11:46","guid":{"rendered":"http:\/\/kulttuuri.pirko.fi\/opiskelijat\/virsoi\/markkulepisto\/?page_id=2"},"modified":"2023-02-07T14:43:19","modified_gmt":"2023-02-07T11:43:19","slug":"esimerkkisivu","status":"publish","type":"page","link":"https:\/\/www.markkulepisto.com\/?page_id=2","title":{"rendered":"About"},"content":{"rendered":"\t\t<div data-elementor-type=\"wp-post\" data-elementor-id=\"2\" class=\"elementor elementor-2\">\n\t\t\t\t\t\t<section class=\"elementor-section elementor-top-section elementor-element elementor-element-d53c936 elementor-section-boxed elementor-section-height-default elementor-section-height-default\" data-id=\"d53c936\" data-element_type=\"section\" data-e-type=\"section\">\n\t\t\t\t\t\t<div class=\"elementor-container elementor-column-gap-default\">\n\t\t\t\t\t<div class=\"elementor-column elementor-col-100 elementor-top-column elementor-element elementor-element-04ee909\" data-id=\"04ee909\" data-element_type=\"column\" data-e-type=\"column\">\n\t\t\t<div class=\"elementor-widget-wrap elementor-element-populated\">\n\t\t\t\t\t\t<div class=\"elementor-element elementor-element-851d965 elementor-widget elementor-widget-text-editor\" data-id=\"851d965\" data-element_type=\"widget\" data-e-type=\"widget\" data-widget_type=\"text-editor.default\">\n\t\t\t\t<div class=\"elementor-widget-container\">\n\t\t\t\t\t\t\t\t\t<p>Markku Lepist\u00f6 is one of the most respected Finnish folk accordionists with over 40 years of music career. His skills on both diatonic and chromatic accordions are recognized worldwide.<\/p><p>Lepist\u00f6 was born in Southern Ostrobothnia in 1963. The region is very well known for the rich folk music tradition and Markku started to play button accordion by ear at the age of five. He started his actual music studies first at the Sein\u00e4joki Music School and then later the professional music studies at the Sibelius Academy which is nowadays known as University of the Arts Helsinki. Lepist\u00f6 has graduated as the Master of Music in 1990 and as the Doctor of Music in 2016.<\/p>\t\t\t\t\t\t\t\t<\/div>\n\t\t\t\t<\/div>\n\t\t\t\t\t<\/div>\n\t\t<\/div>\n\t\t\t\t\t<\/div>\n\t\t<\/section>\n\t\t\t\t<section class=\"elementor-section elementor-top-section elementor-element elementor-element-20d8554 elementor-section-boxed elementor-section-height-default elementor-section-height-default\" data-id=\"20d8554\" data-element_type=\"section\" data-e-type=\"section\">\n\t\t\t\t\t\t<div class=\"elementor-container elementor-column-gap-default\">\n\t\t\t\t\t<div class=\"elementor-column elementor-col-100 elementor-top-column elementor-element elementor-element-2c78bcd\" data-id=\"2c78bcd\" data-element_type=\"column\" data-e-type=\"column\">\n\t\t\t<div class=\"elementor-widget-wrap elementor-element-populated\">\n\t\t\t\t\t\t<div class=\"elementor-element elementor-element-a6ac135 elementor-widget elementor-widget-text-editor\" data-id=\"a6ac135\" data-element_type=\"widget\" data-e-type=\"widget\" data-widget_type=\"text-editor.default\">\n\t\t\t\t<div class=\"elementor-widget-container\">\n\t\t\t\t\t\t\t\t\t<p><strong>Some highlights<\/strong><\/p>\t\t\t\t\t\t\t\t<\/div>\n\t\t\t\t<\/div>\n\t\t\t\t\t<\/div>\n\t\t<\/div>\n\t\t\t\t\t<\/div>\n\t\t<\/section>\n\t\t\t\t<section class=\"elementor-section elementor-top-section elementor-element elementor-element-dbf64ae elementor-section-boxed elementor-section-height-default elementor-section-height-default\" data-id=\"dbf64ae\" data-element_type=\"section\" data-e-type=\"section\">\n\t\t\t\t\t\t<div class=\"elementor-container elementor-column-gap-default\">\n\t\t\t\t\t<div class=\"elementor-column elementor-col-100 elementor-top-column elementor-element elementor-element-323e6d3\" data-id=\"323e6d3\" data-element_type=\"column\" data-e-type=\"column\">\n\t\t\t<div class=\"elementor-widget-wrap elementor-element-populated\">\n\t\t\t\t\t\t<div class=\"elementor-element elementor-element-c271317 elementor-widget elementor-widget-text-editor\" data-id=\"c271317\" data-element_type=\"widget\" data-e-type=\"widget\" data-widget_type=\"text-editor.default\">\n\t\t\t\t<div class=\"elementor-widget-container\">\n\t\t\t\t\t\t\t\t\t<ul><li>Doctor of Music degree 2016 Doctoral Thesis: &#8220;Markkinarenkuttimesta Martin Pauliin&#8221; (The History of the Accordion in Finland 1850\u20131900)<\/li><li>Master of Music degree 1990 Master Thesis: Tauno Aho ja soittotyyli polkan soitossa (The style of traditional polka music by master player Tauno Aho)<\/li><\/ul>\t\t\t\t\t\t\t\t<\/div>\n\t\t\t\t<\/div>\n\t\t\t\t\t<\/div>\n\t\t<\/div>\n\t\t\t\t\t<\/div>\n\t\t<\/section>\n\t\t\t\t<section class=\"elementor-section elementor-top-section elementor-element elementor-element-efcd5c6 elementor-section-boxed elementor-section-height-default elementor-section-height-default\" data-id=\"efcd5c6\" data-element_type=\"section\" data-e-type=\"section\">\n\t\t\t\t\t\t<div class=\"elementor-container elementor-column-gap-default\">\n\t\t\t\t\t<div class=\"elementor-column elementor-col-100 elementor-top-column elementor-element elementor-element-4772532\" data-id=\"4772532\" data-element_type=\"column\" data-e-type=\"column\">\n\t\t\t<div class=\"elementor-widget-wrap elementor-element-populated\">\n\t\t\t\t\t\t<div class=\"elementor-element elementor-element-15dc373 elementor-widget elementor-widget-text-editor\" data-id=\"15dc373\" data-element_type=\"widget\" data-e-type=\"widget\" data-widget_type=\"text-editor.default\">\n\t\t\t\t<div class=\"elementor-widget-container\">\n\t\t\t\t\t\t\t\t\t<p><strong>Six solo albums:<\/strong><\/p>\t\t\t\t\t\t\t\t<\/div>\n\t\t\t\t<\/div>\n\t\t\t\t\t<\/div>\n\t\t<\/div>\n\t\t\t\t\t<\/div>\n\t\t<\/section>\n\t\t\t\t<section class=\"elementor-section elementor-top-section elementor-element elementor-element-5f9f236 elementor-section-boxed elementor-section-height-default elementor-section-height-default\" data-id=\"5f9f236\" data-element_type=\"section\" data-e-type=\"section\">\n\t\t\t\t\t\t<div class=\"elementor-container elementor-column-gap-default\">\n\t\t\t\t\t<div class=\"elementor-column elementor-col-100 elementor-top-column elementor-element elementor-element-93f2a36\" data-id=\"93f2a36\" data-element_type=\"column\" data-e-type=\"column\">\n\t\t\t<div class=\"elementor-widget-wrap elementor-element-populated\">\n\t\t\t\t\t\t<div class=\"elementor-element elementor-element-640d6ab elementor-widget elementor-widget-text-editor\" data-id=\"640d6ab\" data-element_type=\"widget\" data-e-type=\"widget\" data-widget_type=\"text-editor.default\">\n\t\t\t\t<div class=\"elementor-widget-container\">\n\t\t\t\t\t\t\t\t\t<ul><li>Lakeuden kutsu (2021)<\/li><li>SOLOS (2018)<\/li><li>New Voices (2016)<\/li><li>Tupasoitto | Parlour Sessions (2009)<\/li><li>Polku | The Path (2006)<\/li><li>Silta | The Bridge (2002)<\/li><\/ul>\t\t\t\t\t\t\t\t<\/div>\n\t\t\t\t<\/div>\n\t\t\t\t\t<\/div>\n\t\t<\/div>\n\t\t\t\t\t<\/div>\n\t\t<\/section>\n\t\t\t\t<section class=\"elementor-section elementor-top-section elementor-element elementor-element-2bfc85b elementor-section-boxed elementor-section-height-default elementor-section-height-default\" data-id=\"2bfc85b\" data-element_type=\"section\" data-e-type=\"section\">\n\t\t\t\t\t\t<div class=\"elementor-container elementor-column-gap-default\">\n\t\t\t\t\t<div class=\"elementor-column elementor-col-100 elementor-top-column elementor-element elementor-element-42a4d6c\" data-id=\"42a4d6c\" data-element_type=\"column\" data-e-type=\"column\">\n\t\t\t<div class=\"elementor-widget-wrap elementor-element-populated\">\n\t\t\t\t\t\t<div class=\"elementor-element elementor-element-39cfd99 elementor-widget elementor-widget-text-editor\" data-id=\"39cfd99\" data-element_type=\"widget\" data-e-type=\"widget\" data-widget_type=\"text-editor.default\">\n\t\t\t\t<div class=\"elementor-widget-container\">\n\t\t\t\t\t\t\t\t\t<ul><li>Four sheet music books of traditional Finnish accordion music<\/li><li>Over 30 albums with top Finnish music groups and artists<\/li><li>Contemporary folk music composer and arranger from the 1980&#8242;<\/li><\/ul>\t\t\t\t\t\t\t\t<\/div>\n\t\t\t\t<\/div>\n\t\t\t\t\t<\/div>\n\t\t<\/div>\n\t\t\t\t\t<\/div>\n\t\t<\/section>\n\t\t\t\t<section class=\"elementor-section elementor-top-section elementor-element elementor-element-93282ac elementor-section-boxed elementor-section-height-default elementor-section-height-default\" data-id=\"93282ac\" data-element_type=\"section\" data-e-type=\"section\">\n\t\t\t\t\t\t<div class=\"elementor-container elementor-column-gap-default\">\n\t\t\t\t\t<div class=\"elementor-column elementor-col-100 elementor-top-column elementor-element elementor-element-5ead458\" data-id=\"5ead458\" data-element_type=\"column\" data-e-type=\"column\">\n\t\t\t<div class=\"elementor-widget-wrap elementor-element-populated\">\n\t\t\t\t\t\t<div class=\"elementor-element elementor-element-2990a73 elementor-widget elementor-widget-text-editor\" data-id=\"2990a73\" data-element_type=\"widget\" data-e-type=\"widget\" data-widget_type=\"text-editor.default\">\n\t\t\t\t<div class=\"elementor-widget-container\">\n\t\t\t\t\t\t\t\t\t<p><strong>Current ensembles (selection):<\/strong><\/p>\t\t\t\t\t\t\t\t<\/div>\n\t\t\t\t<\/div>\n\t\t\t\t\t<\/div>\n\t\t<\/div>\n\t\t\t\t\t<\/div>\n\t\t<\/section>\n\t\t\t\t<section class=\"elementor-section elementor-top-section elementor-element elementor-element-3e79e2c elementor-section-boxed elementor-section-height-default elementor-section-height-default\" data-id=\"3e79e2c\" data-element_type=\"section\" data-e-type=\"section\">\n\t\t\t\t\t\t<div class=\"elementor-container elementor-column-gap-default\">\n\t\t\t\t\t<div class=\"elementor-column elementor-col-100 elementor-top-column elementor-element elementor-element-9a0bc85\" data-id=\"9a0bc85\" data-element_type=\"column\" data-e-type=\"column\">\n\t\t\t<div class=\"elementor-widget-wrap elementor-element-populated\">\n\t\t\t\t\t\t<div class=\"elementor-element elementor-element-f400c75 elementor-widget elementor-widget-text-editor\" data-id=\"f400c75\" data-element_type=\"widget\" data-e-type=\"widget\" data-widget_type=\"text-editor.default\">\n\t\t\t\t<div class=\"elementor-widget-container\">\n\t\t\t\t\t\t\t\t\t<ul><li>Sampo Lassila Narinkka<\/li><li>Markku Lepist\u00f6 &amp; Ilpo Laspas (Accordion &amp; Piano\/Harpsichord)<\/li><li>Samurai Accordion (With Kepa Junkera, Riccardo Tesi, David Munnelly and Simone Bottasso)<\/li><li>Markku Lepist\u00f6 &amp; Pekka Lehti (Accordion &amp; Upright Bass)<\/li><li>Markku Lepist\u00f6 &amp; Mikko Helenius (Accordion &amp; Pipe Organ)<\/li><li>Markku Lepist\u00f6 &amp; Petri Hakala (Accordion &amp; Mandolin)<\/li><li>Doina Klezmer (The first Finnish Klezmer ensemble)<\/li><\/ul>\t\t\t\t\t\t\t\t<\/div>\n\t\t\t\t<\/div>\n\t\t\t\t\t<\/div>\n\t\t<\/div>\n\t\t\t\t\t<\/div>\n\t\t<\/section>\n\t\t\t\t<section class=\"elementor-section elementor-top-section elementor-element elementor-element-e30fdb5 elementor-section-boxed elementor-section-height-default elementor-section-height-default\" data-id=\"e30fdb5\" data-element_type=\"section\" data-e-type=\"section\">\n\t\t\t\t\t\t<div class=\"elementor-container elementor-column-gap-default\">\n\t\t\t\t\t<div class=\"elementor-column elementor-col-100 elementor-top-column elementor-element elementor-element-0892f52\" data-id=\"0892f52\" data-element_type=\"column\" data-e-type=\"column\">\n\t\t\t<div class=\"elementor-widget-wrap elementor-element-populated\">\n\t\t\t\t\t\t<div class=\"elementor-element elementor-element-545e70a elementor-widget elementor-widget-text-editor\" data-id=\"545e70a\" data-element_type=\"widget\" data-e-type=\"widget\" data-widget_type=\"text-editor.default\">\n\t\t\t\t<div class=\"elementor-widget-container\">\n\t\t\t\t\t\t\t\t\t<p><span id=\"cch_f3da43c300a0006\" class=\"_mh6 _wsc\"><span class=\"_3oh- _58nk\">Markku Lepist\u00f6 \u00e8 uno dei pi\u00f9 stimati fisarmonicisti folk finlandesi e vanta pi\u00f9 di trenta anni di carriera musicale. Le sue capacit\u00e0, sia con la fisarmonica cromatica che con quella diatonica o organetto, sono riconosciute a livello internazionale. Attualmente i principali progetti in cui Markku \u00e8 impegnato sono: l&#8217;ensemble di successo &#8220;Samurai&#8221; formato da organettisti provenienti da vari paesi d&#8217;Europa, il duo basso e fisarmonica Lepist\u00f6 &amp; Lehti, il Markku Lepist\u00f6 trio, la band Doina Klezmer e i suoi progetti solistici. Oltre che nei suoi album da solista \u00e8 possibile ascoltare Markku in molti brani di importanti artisti finlandesi.<\/span><\/span><\/p><p>(Translation by Tania Arcieri)<\/p>\t\t\t\t\t\t\t\t<\/div>\n\t\t\t\t<\/div>\n\t\t\t\t\t<\/div>\n\t\t<\/div>\n\t\t\t\t\t<\/div>\n\t\t<\/section>\n\t\t\t\t<\/div>\n\t\t","protected":false},"excerpt":{"rendered":"<p>Markku Lepist\u00f6 is one of the most respected Finnish folk accordionists with over 40 years experience in music. His skills on both diatonic and chromatic accordions are recognized worldwide. Lepist\u00f6 was born in Southern Ostrobothnia in 1963. The region is &hellip; <a href=\"https:\/\/www.markkulepisto.com\/?page_id=2\">Continue reading <span class=\"meta-nav\">&rarr;<\/span><\/a><\/p>\n","protected":false},"author":1,"featured_media":0,"parent":0,"menu_order":0,"comment_status":"open","ping_status":"open","template":"","meta":{"footnotes":""},"class_list":["post-2","page","type-page","status-publish","hentry"],"_links":{"self":[{"href":"https:\/\/www.markkulepisto.com\/index.php?rest_route=\/wp\/v2\/pages\/2","targetHints":{"allow":["GET"]}}],"collection":[{"href":"https:\/\/www.markkulepisto.com\/index.php?rest_route=\/wp\/v2\/pages"}],"about":[{"href":"https:\/\/www.markkulepisto.com\/index.php?rest_route=\/wp\/v2\/types\/page"}],"author":[{"embeddable":true,"href":"https:\/\/www.markkulepisto.com\/index.php?rest_route=\/wp\/v2\/users\/1"}],"replies":[{"embeddable":true,"href":"https:\/\/www.markkulepisto.com\/index.php?rest_route=%2Fwp%2Fv2%2Fcomments&post=2"}],"version-history":[{"count":37,"href":"https:\/\/www.markkulepisto.com\/index.php?rest_route=\/wp\/v2\/pages\/2\/revisions"}],"predecessor-version":[{"id":2275,"href":"https:\/\/www.markkulepisto.com\/index.php?rest_route=\/wp\/v2\/pages\/2\/revisions\/2275"}],"wp:attachment":[{"href":"https:\/\/www.markkulepisto.com\/index.php?rest_route=%2Fwp%2Fv2%2Fmedia&parent=2"}],"curies":[{"name":"wp","href":"https:\/\/api.w.org\/{rel}","templated":true}]}}