{"id":276,"date":"2012-05-25T10:53:16","date_gmt":"2012-05-25T07:53:16","guid":{"rendered":"http:\/\/www.markkulepisto.com\/?page_id=276"},"modified":"2023-11-27T13:04:03","modified_gmt":"2023-11-27T10:04:03","slug":"petri-hakala-markku-lepisto","status":"publish","type":"page","link":"https:\/\/www.markkulepisto.com\/?page_id=276","title":{"rendered":"Petri Hakala &#038; Markku Lepist\u00f6"},"content":{"rendered":"\t\t<div data-elementor-type=\"wp-post\" data-elementor-id=\"276\" class=\"elementor elementor-276\">\n\t\t\t\t\t\t<section class=\"elementor-section elementor-top-section elementor-element elementor-element-fa2a092 elementor-section-boxed elementor-section-height-default elementor-section-height-default\" data-id=\"fa2a092\" data-element_type=\"section\" data-e-type=\"section\">\n\t\t\t\t\t\t<div class=\"elementor-container elementor-column-gap-default\">\n\t\t\t\t\t<div class=\"elementor-column elementor-col-100 elementor-top-column elementor-element elementor-element-1371be0\" data-id=\"1371be0\" data-element_type=\"column\" data-e-type=\"column\">\n\t\t\t<div class=\"elementor-widget-wrap elementor-element-populated\">\n\t\t\t\t\t\t<div class=\"elementor-element elementor-element-4fa4c02 elementor-widget elementor-widget-heading\" data-id=\"4fa4c02\" data-element_type=\"widget\" data-e-type=\"widget\" data-widget_type=\"heading.default\">\n\t\t\t\t<div class=\"elementor-widget-container\">\n\t\t\t\t\t<h1 class=\"elementor-heading-title elementor-size-xl\">Petri Hakala &amp; Markku Lepist\u00f6<\/h1>\t\t\t\t<\/div>\n\t\t\t\t<\/div>\n\t\t\t\t\t<\/div>\n\t\t<\/div>\n\t\t\t\t\t<\/div>\n\t\t<\/section>\n\t\t\t\t<section class=\"elementor-section elementor-top-section elementor-element elementor-element-7f8c7aa elementor-section-boxed elementor-section-height-default elementor-section-height-default\" data-id=\"7f8c7aa\" data-element_type=\"section\" data-e-type=\"section\">\n\t\t\t\t\t\t<div class=\"elementor-container elementor-column-gap-default\">\n\t\t\t\t\t<div class=\"elementor-column elementor-col-100 elementor-top-column elementor-element elementor-element-584ba2e\" data-id=\"584ba2e\" data-element_type=\"column\" data-e-type=\"column\">\n\t\t\t<div class=\"elementor-widget-wrap elementor-element-populated\">\n\t\t\t\t\t\t<div class=\"elementor-element elementor-element-f1b949c elementor-widget elementor-widget-text-editor\" data-id=\"f1b949c\" data-element_type=\"widget\" data-e-type=\"widget\" data-widget_type=\"text-editor.default\">\n\t\t\t\t<div class=\"elementor-widget-container\">\n\t\t\t\t\t\t\t\t\t<h1><strong>On the tracks of the old masters.<\/strong><\/h1>\t\t\t\t\t\t\t\t<\/div>\n\t\t\t\t<\/div>\n\t\t\t\t\t<\/div>\n\t\t<\/div>\n\t\t\t\t\t<\/div>\n\t\t<\/section>\n\t\t\t\t<section class=\"elementor-section elementor-top-section elementor-element elementor-element-3707250 elementor-section-boxed elementor-section-height-default elementor-section-height-default\" data-id=\"3707250\" data-element_type=\"section\" data-e-type=\"section\">\n\t\t\t\t\t\t<div class=\"elementor-container elementor-column-gap-default\">\n\t\t\t\t\t<div class=\"elementor-column elementor-col-100 elementor-top-column elementor-element elementor-element-eae6812\" data-id=\"eae6812\" data-element_type=\"column\" data-e-type=\"column\">\n\t\t\t<div class=\"elementor-widget-wrap elementor-element-populated\">\n\t\t\t\t\t\t<div class=\"elementor-element elementor-element-34fbab6 elementor-widget elementor-widget-text-editor\" data-id=\"34fbab6\" data-element_type=\"widget\" data-e-type=\"widget\" data-widget_type=\"text-editor.default\">\n\t\t\t\t<div class=\"elementor-widget-container\">\n\t\t\t\t\t\t\t\t\t<strong>PETRI HAKALA &#8211; mandolin, guitars<\/strong><br>\n\n<strong>MARKKU LEPIST\u00d6 &#8211; diatonic accordion<\/strong>\t\t\t\t\t\t\t\t<\/div>\n\t\t\t\t<\/div>\n\t\t\t\t\t<\/div>\n\t\t<\/div>\n\t\t\t\t\t<\/div>\n\t\t<\/section>\n\t\t\t\t<section class=\"elementor-section elementor-top-section elementor-element elementor-element-56377dc elementor-section-boxed elementor-section-height-default elementor-section-height-default\" data-id=\"56377dc\" data-element_type=\"section\" data-e-type=\"section\">\n\t\t\t\t\t\t<div class=\"elementor-container elementor-column-gap-default\">\n\t\t\t\t\t<div class=\"elementor-column elementor-col-50 elementor-top-column elementor-element elementor-element-98b3571\" data-id=\"98b3571\" data-element_type=\"column\" data-e-type=\"column\">\n\t\t\t<div class=\"elementor-widget-wrap elementor-element-populated\">\n\t\t\t\t\t\t<div class=\"elementor-element elementor-element-2588174 elementor-widget elementor-widget-image\" data-id=\"2588174\" data-element_type=\"widget\" data-e-type=\"widget\" data-widget_type=\"image.default\">\n\t\t\t\t<div class=\"elementor-widget-container\">\n\t\t\t\t\t\t\t\t\t\t\t\t\t\t\t<img decoding=\"async\" src=\"https:\/\/www.markkulepisto.com\/wp-content\/uploads\/elementor\/thumbs\/MARKKU19_DUO_125_lieve-ojnd82ty27cdo9ehauld9wbjt7r43xxovte7kso2u0.jpg\" title=\"MARKKU19_DUO_125_lieve\" alt=\"MARKKU19_DUO_125_lieve\" loading=\"lazy\" \/>\t\t\t\t\t\t\t\t\t\t\t\t\t\t\t<\/div>\n\t\t\t\t<\/div>\n\t\t\t\t\t<\/div>\n\t\t<\/div>\n\t\t\t\t<div class=\"elementor-column elementor-col-50 elementor-top-column elementor-element elementor-element-2cecd20\" data-id=\"2cecd20\" data-element_type=\"column\" data-e-type=\"column\">\n\t\t\t<div class=\"elementor-widget-wrap elementor-element-populated\">\n\t\t\t\t\t\t<div class=\"elementor-element elementor-element-dbced51 elementor-widget elementor-widget-text-editor\" data-id=\"dbced51\" data-element_type=\"widget\" data-e-type=\"widget\" data-widget_type=\"text-editor.default\">\n\t\t\t\t<div class=\"elementor-widget-container\">\n\t\t\t\t\t\t\t\t\t<h1><strong><span style=\"font-size: 10pt;\">The Duo Petri Hakala &amp; Markku Lepist\u00f6 was formed already in late 1990\u00b4s after various jam sessions where they find their musical ambitions and playing styles similar. The guiding star of the duo has always been fusing the sound and styles of mandolin and accordion traditions with the freedom of duo playing. Their music and playing is full of spontaneity and improvisation connected to the finnish traditional music and contemporary folk music composed by both players.<\/span><\/strong><\/h1><h1>\u00a0<\/h1><h1><strong><span style=\"font-size: 10pt;\">Petri Hakala has been involved in the Finnish folk music scene over 30 years playing mandolins, guitar and fiddle. His musical career started with guitar playing at the age of 11. Towards the end of the 1970s he got interested in American old-time music and bluegrass and started his long journey with mandolin and guitar. <\/span><span style=\"font-size: 10pt;\">Petri has worked as a studio musician with over 50 records and released two solo albums.<\/span><\/strong><\/h1><h1>\u00a0<\/h1><h1><strong><span style=\"font-size: 10pt;\">Markku Lepist\u00f6 hails from Kuortane, Southern Ostrobothnia. Heavily influenced by the local folk music tradition and his fiddle playing father he started to play accordion by ear at the age of five. Local player were his first teachers. Markku Lepist\u00f6 is now one of the most respected Finnish folk accordionists with over 30 years of music career. His skills on both diatonic and chromatic accordions are recognized worldwide.\u00a0<\/span><span style=\"font-size: 10pt;\"> He has studied at the Sibelius-Academy Folk Music Department and got the doctoral degree in music\u00a0 in 2016.<\/span><\/strong><\/h1><h1>\u00a0<\/h1><h1><strong><span style=\"font-size: 10pt;\">Petri Hakala and Markku Lepist\u00f6 released their debut album \u201d On the tracks of the\u00a0old players&#8221; already in 2001. Their long-awaited new album &#8220;Nordic Route&#8221; with original compositions in folk and world music styles was released on Jan 11<sup>th<\/sup> 2020.<\/span><\/strong><\/h1>\t\t\t\t\t\t\t\t<\/div>\n\t\t\t\t<\/div>\n\t\t\t\t\t<\/div>\n\t\t<\/div>\n\t\t\t\t\t<\/div>\n\t\t<\/section>\n\t\t\t\t<section class=\"elementor-section elementor-top-section elementor-element elementor-element-f72cf41 elementor-section-boxed elementor-section-height-default elementor-section-height-default\" data-id=\"f72cf41\" data-element_type=\"section\" data-e-type=\"section\">\n\t\t\t\t\t\t<div class=\"elementor-container elementor-column-gap-default\">\n\t\t\t\t\t<div class=\"elementor-column elementor-col-100 elementor-top-column elementor-element elementor-element-884772c\" data-id=\"884772c\" data-element_type=\"column\" data-e-type=\"column\">\n\t\t\t<div class=\"elementor-widget-wrap elementor-element-populated\">\n\t\t\t\t\t\t<div class=\"elementor-element elementor-element-96f8312 elementor-widget elementor-widget-heading\" data-id=\"96f8312\" data-element_type=\"widget\" data-e-type=\"widget\" data-widget_type=\"heading.default\">\n\t\t\t\t<div class=\"elementor-widget-container\">\n\t\t\t\t\t<h2 class=\"elementor-heading-title elementor-size-large\"><br>Music<br><\/h2>\t\t\t\t<\/div>\n\t\t\t\t<\/div>\n\t\t\t\t\t<\/div>\n\t\t<\/div>\n\t\t\t\t\t<\/div>\n\t\t<\/section>\n\t\t\t\t<section class=\"elementor-section elementor-top-section elementor-element elementor-element-835c443 elementor-section-boxed elementor-section-height-default elementor-section-height-default\" data-id=\"835c443\" data-element_type=\"section\" data-e-type=\"section\">\n\t\t\t\t\t\t<div class=\"elementor-container elementor-column-gap-default\">\n\t\t\t\t\t<div class=\"elementor-column elementor-col-50 elementor-top-column elementor-element elementor-element-e582759\" data-id=\"e582759\" data-element_type=\"column\" data-e-type=\"column\">\n\t\t\t<div class=\"elementor-widget-wrap elementor-element-populated\">\n\t\t\t\t\t\t<div class=\"elementor-element elementor-element-f43d3ca elementor-widget elementor-widget-image\" data-id=\"f43d3ca\" data-element_type=\"widget\" data-e-type=\"widget\" data-widget_type=\"image.default\">\n\t\t\t\t<div class=\"elementor-widget-container\">\n\t\t\t\t\t\t\t\t\t\t\t\t\t\t\t<img decoding=\"async\" src=\"https:\/\/www.markkulepisto.com\/wp-content\/uploads\/elementor\/thumbs\/Kansi_1400-ojnpgec6cfabt2yz249q4hqju4d0o2szofhqjs9py8.jpg\" title=\"Kansi_1400\" alt=\"Nordic Route, 2020\" loading=\"lazy\" \/>\t\t\t\t\t\t\t\t\t\t\t\t\t\t\t<\/div>\n\t\t\t\t<\/div>\n\t\t\t\t\t<\/div>\n\t\t<\/div>\n\t\t\t\t<div class=\"elementor-column elementor-col-50 elementor-top-column elementor-element elementor-element-877d02b\" data-id=\"877d02b\" data-element_type=\"column\" data-e-type=\"column\">\n\t\t\t<div class=\"elementor-widget-wrap elementor-element-populated\">\n\t\t\t\t\t\t<div class=\"elementor-element elementor-element-d11fef6 elementor-widget elementor-widget-text-editor\" data-id=\"d11fef6\" data-element_type=\"widget\" data-e-type=\"widget\" data-widget_type=\"text-editor.default\">\n\t\t\t\t<div class=\"elementor-widget-container\">\n\t\t\t\t\t\t\t\t\t<h1><strong>Nordic Route (2020)<\/strong><\/h1><p>\u00a0<\/p><ol><li><h1><strong>Kipin\u00e4 &#8211; reel &#8211;<\/strong><\/h1><\/li><li><h1><strong>Sateen j\u00e4lkeen &#8211; waltz &#8211;<\/strong><\/h1><\/li><li><h1><strong>Montmagny &#8211; reel &#8211;<\/strong><\/h1><\/li><li><h1><strong>Rapusaari &#8211; schottish &#8211;<\/strong><\/h1><\/li><li><h1><strong>Hetken ep\u00e4r\u00f6inti &#8211; tango &#8211;<\/strong><\/h1><\/li><li><h1><strong>Kilsanm\u00e4ki &#8211; schottish &#8211;<\/strong><\/h1><\/li><li><h1><strong>Degerby &#8211; polska &#8211;<\/strong><\/h1><\/li><li><h1><strong>Pickwick &#8211; jig &#8211;<\/strong><\/h1><\/li><li><h1><strong>Rantatie &#8211; waltz &#8211;<\/strong><\/h1><\/li><li><h1><strong>Punta Secca &#8211; milonga &#8211;<\/strong><\/h1><\/li><li><h1><strong>Kaipaus &#8211; ballad &#8211;<\/strong><\/h1><\/li><\/ol>\t\t\t\t\t\t\t\t<\/div>\n\t\t\t\t<\/div>\n\t\t\t\t\t<\/div>\n\t\t<\/div>\n\t\t\t\t\t<\/div>\n\t\t<\/section>\n\t\t\t\t<section class=\"elementor-section elementor-top-section elementor-element elementor-element-a8d1c8d elementor-section-boxed elementor-section-height-default elementor-section-height-default\" data-id=\"a8d1c8d\" data-element_type=\"section\" data-e-type=\"section\">\n\t\t\t\t\t\t<div class=\"elementor-container elementor-column-gap-default\">\n\t\t\t\t\t<div class=\"elementor-column elementor-col-100 elementor-top-column elementor-element elementor-element-029c704\" data-id=\"029c704\" data-element_type=\"column\" data-e-type=\"column\">\n\t\t\t<div class=\"elementor-widget-wrap elementor-element-populated\">\n\t\t\t\t\t\t<div class=\"elementor-element elementor-element-e920f3d elementor-widget elementor-widget-text-editor\" data-id=\"e920f3d\" data-element_type=\"widget\" data-e-type=\"widget\" data-widget_type=\"text-editor.default\">\n\t\t\t\t<div class=\"elementor-widget-container\">\n\t\t\t\t\t\t\t\t\t<p><a href=\"https:\/\/petrihakalamarkkulepist.bandcamp.com\/album\/nordic-route-2\">Buy on Bandcamp!<\/a><\/p><p>\u00a0<\/p>\t\t\t\t\t\t\t\t<\/div>\n\t\t\t\t<\/div>\n\t\t\t\t\t<\/div>\n\t\t<\/div>\n\t\t\t\t\t<\/div>\n\t\t<\/section>\n\t\t\t\t<section class=\"elementor-section elementor-top-section elementor-element elementor-element-86e2288 elementor-section-boxed elementor-section-height-default elementor-section-height-default\" data-id=\"86e2288\" data-element_type=\"section\" data-e-type=\"section\">\n\t\t\t\t\t\t<div class=\"elementor-container elementor-column-gap-default\">\n\t\t\t\t\t<div class=\"elementor-column elementor-col-50 elementor-top-column elementor-element elementor-element-730b872\" data-id=\"730b872\" data-element_type=\"column\" data-e-type=\"column\">\n\t\t\t<div class=\"elementor-widget-wrap elementor-element-populated\">\n\t\t\t\t\t\t<div class=\"elementor-element elementor-element-9042944 elementor-widget elementor-widget-image\" data-id=\"9042944\" data-element_type=\"widget\" data-e-type=\"widget\" data-widget_type=\"image.default\">\n\t\t\t\t<div class=\"elementor-widget-container\">\n\t\t\t\t\t\t\t\t\t\t\t\t\t\t\t<img decoding=\"async\" src=\"https:\/\/www.markkulepisto.com\/wp-content\/uploads\/elementor\/thumbs\/Kansi_low-ojndwa6atrnm3lehvr0fszxgodcc3tus4ukh8z8yhs.jpeg\" title=\"Kansi_low\" alt=\"Kansi_low\" loading=\"lazy\" \/>\t\t\t\t\t\t\t\t\t\t\t\t\t\t\t<\/div>\n\t\t\t\t<\/div>\n\t\t\t\t\t<\/div>\n\t\t<\/div>\n\t\t\t\t<div class=\"elementor-column elementor-col-50 elementor-top-column elementor-element elementor-element-ac2857f\" data-id=\"ac2857f\" data-element_type=\"column\" data-e-type=\"column\">\n\t\t\t<div class=\"elementor-widget-wrap elementor-element-populated\">\n\t\t\t\t\t\t<div class=\"elementor-element elementor-element-ed4cc95 elementor-widget elementor-widget-text-editor\" data-id=\"ed4cc95\" data-element_type=\"widget\" data-e-type=\"widget\" data-widget_type=\"text-editor.default\">\n\t\t\t\t<div class=\"elementor-widget-container\">\n\t\t\t\t\t\t\t\t\t<h1><strong><span style=\"font-size: 10pt;\">Pelimannien j\u00e4ljill\u00e4 (2001)<\/span><\/strong><\/h1><p>\u00a0<\/p><ol><li><h1><strong><span style=\"font-size: 10pt;\">Taklax<\/span><\/strong><\/h1><\/li><li><h1><strong><span style=\"font-size: 10pt;\">T\u00e4htipy\u00f6r\u00e4<\/span><\/strong><\/h1><\/li><li><h1><strong><span style=\"font-size: 10pt;\">Suksitehtaan sottiisi<\/span><\/strong><\/h1><\/li><li><h1><strong><span style=\"font-size: 10pt;\">Aarnio<\/span><\/strong><\/h1><\/li><li><h1><strong><span style=\"font-size: 10pt;\">M\u00e4kel\u00e4\u00e4nen ja Tallari<\/span><\/strong><\/h1><\/li><li><h1><strong><span style=\"font-size: 10pt;\">Einari<\/span><\/strong><\/h1><\/li><li><h1><strong><span style=\"font-size: 10pt;\">Kaukana l\u00e4nness\u00e4<\/span><\/strong><\/h1><\/li><li><h1><strong><span style=\"font-size: 10pt;\">Botnia<\/span><\/strong><\/h1><\/li><li><h1><strong><span style=\"font-size: 10pt;\">Haudanmaa ja Peli-Jussi<\/span><\/strong><\/h1><\/li><li><h1><strong><span style=\"font-size: 10pt;\">Paavokallion Martti<\/span><\/strong><\/h1><\/li><li><h1><strong><span style=\"font-size: 10pt;\">H\u00e4\u00e4polska<\/span><\/strong><\/h1><\/li><li><h1><strong><span style=\"font-size: 10pt;\">Korpiselk\u00e4<\/span><\/strong><\/h1><\/li><\/ol>\t\t\t\t\t\t\t\t<\/div>\n\t\t\t\t<\/div>\n\t\t\t\t\t<\/div>\n\t\t<\/div>\n\t\t\t\t\t<\/div>\n\t\t<\/section>\n\t\t\t\t<section class=\"elementor-section elementor-top-section elementor-element elementor-element-d21327d elementor-section-boxed elementor-section-height-default elementor-section-height-default\" data-id=\"d21327d\" data-element_type=\"section\" data-e-type=\"section\">\n\t\t\t\t\t\t<div class=\"elementor-container elementor-column-gap-default\">\n\t\t\t\t\t<div class=\"elementor-column elementor-col-100 elementor-top-column elementor-element elementor-element-40b7e4d\" data-id=\"40b7e4d\" data-element_type=\"column\" data-e-type=\"column\">\n\t\t\t<div class=\"elementor-widget-wrap elementor-element-populated\">\n\t\t\t\t\t\t<div class=\"elementor-element elementor-element-0537ae6 elementor-widget elementor-widget-text-editor\" data-id=\"0537ae6\" data-element_type=\"widget\" data-e-type=\"widget\" data-widget_type=\"text-editor.default\">\n\t\t\t\t<div class=\"elementor-widget-container\">\n\t\t\t\t\t\t\t\t\t<p><a href=\"https:\/\/petrihakalamarkkulepist.bandcamp.com\/album\/pelimannien-j-ljill\">Buy on Bandcamp!<\/a><\/p>\t\t\t\t\t\t\t\t<\/div>\n\t\t\t\t<\/div>\n\t\t\t\t\t<\/div>\n\t\t<\/div>\n\t\t\t\t\t<\/div>\n\t\t<\/section>\n\t\t\t\t<section class=\"elementor-section elementor-top-section elementor-element elementor-element-2515e0f elementor-section-boxed elementor-section-height-default elementor-section-height-default\" data-id=\"2515e0f\" data-element_type=\"section\" data-e-type=\"section\">\n\t\t\t\t\t\t<div class=\"elementor-container elementor-column-gap-default\">\n\t\t\t\t\t<div class=\"elementor-column elementor-col-100 elementor-top-column elementor-element elementor-element-8ce2be4\" data-id=\"8ce2be4\" data-element_type=\"column\" data-e-type=\"column\">\n\t\t\t<div class=\"elementor-widget-wrap elementor-element-populated\">\n\t\t\t\t\t\t<div class=\"elementor-element elementor-element-cd06e8e elementor-widget elementor-widget-heading\" data-id=\"cd06e8e\" data-element_type=\"widget\" data-e-type=\"widget\" data-widget_type=\"heading.default\">\n\t\t\t\t<div class=\"elementor-widget-container\">\n\t\t\t\t\t<h1 class=\"elementor-heading-title elementor-size-large\"><br>Videos<br><\/h1>\t\t\t\t<\/div>\n\t\t\t\t<\/div>\n\t\t\t\t\t<\/div>\n\t\t<\/div>\n\t\t\t\t\t<\/div>\n\t\t<\/section>\n\t\t\t\t<section class=\"elementor-section elementor-top-section elementor-element elementor-element-fe3963e elementor-section-boxed elementor-section-height-default elementor-section-height-default\" data-id=\"fe3963e\" data-element_type=\"section\" data-e-type=\"section\">\n\t\t\t\t\t\t<div class=\"elementor-container elementor-column-gap-default\">\n\t\t\t\t\t<div class=\"elementor-column elementor-col-100 elementor-top-column elementor-element elementor-element-2a01d5b\" data-id=\"2a01d5b\" data-element_type=\"column\" data-e-type=\"column\">\n\t\t\t<div class=\"elementor-widget-wrap elementor-element-populated\">\n\t\t\t\t\t\t<div class=\"elementor-element elementor-element-24e8d53 elementor-widget elementor-widget-video\" data-id=\"24e8d53\" data-element_type=\"widget\" data-e-type=\"widget\" data-settings=\"{&quot;youtube_url&quot;:&quot;https:\\\/\\\/youtu.be\\\/5MA3cUpBO4A&quot;,&quot;video_type&quot;:&quot;youtube&quot;,&quot;controls&quot;:&quot;yes&quot;}\" data-widget_type=\"video.default\">\n\t\t\t\t<div class=\"elementor-widget-container\">\n\t\t\t\t\t\t\t<div class=\"elementor-wrapper elementor-open-inline\">\n\t\t\t<div class=\"elementor-video\"><\/div>\t\t<\/div>\n\t\t\t\t\t\t<\/div>\n\t\t\t\t<\/div>\n\t\t\t\t\t<\/div>\n\t\t<\/div>\n\t\t\t\t\t<\/div>\n\t\t<\/section>\n\t\t\t\t<section class=\"elementor-section elementor-top-section elementor-element elementor-element-d64fccd elementor-section-boxed elementor-section-height-default elementor-section-height-default\" data-id=\"d64fccd\" data-element_type=\"section\" data-e-type=\"section\">\n\t\t\t\t\t\t<div class=\"elementor-container elementor-column-gap-default\">\n\t\t\t\t\t<div class=\"elementor-column elementor-col-100 elementor-top-column elementor-element elementor-element-63552e2\" data-id=\"63552e2\" data-element_type=\"column\" data-e-type=\"column\">\n\t\t\t<div class=\"elementor-widget-wrap elementor-element-populated\">\n\t\t\t\t\t\t<div class=\"elementor-element elementor-element-d95d15b elementor-widget elementor-widget-heading\" data-id=\"d95d15b\" data-element_type=\"widget\" data-e-type=\"widget\" data-widget_type=\"heading.default\">\n\t\t\t\t<div class=\"elementor-widget-container\">\n\t\t\t\t\t<h2 class=\"elementor-heading-title elementor-size-large\"><br>Contact<br><\/h2>\t\t\t\t<\/div>\n\t\t\t\t<\/div>\n\t\t\t\t\t<\/div>\n\t\t<\/div>\n\t\t\t\t\t<\/div>\n\t\t<\/section>\n\t\t\t\t<section class=\"elementor-section elementor-top-section elementor-element elementor-element-5614805 elementor-section-boxed elementor-section-height-default elementor-section-height-default\" data-id=\"5614805\" data-element_type=\"section\" data-e-type=\"section\">\n\t\t\t\t\t\t<div class=\"elementor-container elementor-column-gap-default\">\n\t\t\t\t\t<div class=\"elementor-column elementor-col-100 elementor-top-column elementor-element elementor-element-b0209d5\" data-id=\"b0209d5\" data-element_type=\"column\" data-e-type=\"column\">\n\t\t\t<div class=\"elementor-widget-wrap elementor-element-populated\">\n\t\t\t\t\t\t<div class=\"elementor-element elementor-element-c801f71 elementor-widget elementor-widget-text-editor\" data-id=\"c801f71\" data-element_type=\"widget\" data-e-type=\"widget\" data-widget_type=\"text-editor.default\">\n\t\t\t\t<div class=\"elementor-widget-container\">\n\t\t\t\t\t\t\t\t\t<h1>\u00a0<\/h1><p><span style=\"font-size: 12pt;\"><strong>Markku Lepist\u00f6<\/strong><\/span><br \/><span style=\"font-size: 12pt;\">Tel: +358 400 414 202<\/span><br \/><span style=\"font-size: 12pt;\">markku[at]markkulepisto.com<\/span><\/p><p><strong>Baltic Countries:<\/strong><br \/>Oj\u0101rs Grasmanis<br \/>3IN1 SIA<br \/>+3712651126<br \/>ojarsmusic[at]gmail.com<\/p><div>\u00a0<\/div>\t\t\t\t\t\t\t\t<\/div>\n\t\t\t\t<\/div>\n\t\t\t\t\t<\/div>\n\t\t<\/div>\n\t\t\t\t\t<\/div>\n\t\t<\/section>\n\t\t\t\t<\/div>\n\t\t","protected":false},"excerpt":{"rendered":"<p>Petri Hakala &#038; Markku Lepist\u00f6 On the tracks of the old masters. PETRI HAKALA &#8211; mandolin, guitars MARKKU LEPIST\u00d6 &#8211; diatonic accordion The Duo Petri Hakala &amp; Markku Lepist\u00f6 was formed already in late 1990\u00b4s after various jam sessions where &hellip; <a href=\"https:\/\/www.markkulepisto.com\/?page_id=276\">Continue reading <span class=\"meta-nav\">&rarr;<\/span><\/a><\/p>\n","protected":false},"author":1,"featured_media":0,"parent":264,"menu_order":0,"comment_status":"closed","ping_status":"closed","template":"elementor_header_footer","meta":{"footnotes":""},"class_list":["post-276","page","type-page","status-publish","hentry"],"_links":{"self":[{"href":"https:\/\/www.markkulepisto.com\/index.php?rest_route=\/wp\/v2\/pages\/276","targetHints":{"allow":["GET"]}}],"collection":[{"href":"https:\/\/www.markkulepisto.com\/index.php?rest_route=\/wp\/v2\/pages"}],"about":[{"href":"https:\/\/www.markkulepisto.com\/index.php?rest_route=\/wp\/v2\/types\/page"}],"author":[{"embeddable":true,"href":"https:\/\/www.markkulepisto.com\/index.php?rest_route=\/wp\/v2\/users\/1"}],"replies":[{"embeddable":true,"href":"https:\/\/www.markkulepisto.com\/index.php?rest_route=%2Fwp%2Fv2%2Fcomments&post=276"}],"version-history":[{"count":49,"href":"https:\/\/www.markkulepisto.com\/index.php?rest_route=\/wp\/v2\/pages\/276\/revisions"}],"predecessor-version":[{"id":2319,"href":"https:\/\/www.markkulepisto.com\/index.php?rest_route=\/wp\/v2\/pages\/276\/revisions\/2319"}],"up":[{"embeddable":true,"href":"https:\/\/www.markkulepisto.com\/index.php?rest_route=\/wp\/v2\/pages\/264"}],"wp:attachment":[{"href":"https:\/\/www.markkulepisto.com\/index.php?rest_route=%2Fwp%2Fv2%2Fmedia&parent=276"}],"curies":[{"name":"wp","href":"https:\/\/api.w.org\/{rel}","templated":true}]}}