{"id":1485,"date":"2019-09-10T08:56:19","date_gmt":"2019-09-10T05:56:19","guid":{"rendered":"https:\/\/www.markkulepisto.com\/?post_type=product&#038;p=1485"},"modified":"2025-05-04T08:27:08","modified_gmt":"2025-05-04T05:27:08","slug":"markku-lepisto-silta","status":"publish","type":"product","link":"https:\/\/www.markkulepisto.com\/?product=markku-lepisto-silta","title":{"rendered":"Markku Lepist\u00f6: Silta"},"content":{"rendered":"<p>Track list:<\/p>\n<p>1. Alku | Beginning<br \/>\n2. Hermannin Mollipolla \/ Lapikaspolkka \/ Aution Matin Polkka<br \/>\n3. Ruunankoski<br \/>\n4. Myrskylintu | Thunderbird<br \/>\n5. L\u00e4nsiranta<br \/>\n6. M\u00e4l\u00e4sk\u00e4n \/ Tallarin Polskat<br \/>\n7. Concerto Diatonique<br \/>\n8. Kauhajoen Valssi<br \/>\n9. Kuortaneen Menuetti Ja Polska<br \/>\n10. Silta | Bridge<\/p>\n<p><iframe title=\"Spotify Embed: Silta (Bridge)\" style=\"border-radius: 12px\" width=\"100%\" height=\"352\" frameborder=\"0\" allowfullscreen allow=\"autoplay; clipboard-write; encrypted-media; fullscreen; picture-in-picture\" loading=\"lazy\" src=\"https:\/\/open.spotify.com\/embed\/album\/7Jx5KJjWRJnW8q86W17qcn?si=f8lam9RGTk6tmChsZ5fj2A&#038;utm_source=oembed\"><\/iframe><\/p>\n","protected":false},"excerpt":{"rendered":"<p>Format: CD<\/p>\n<p>Release year: 2001 (Aito Records) <a href=\"https:\/\/www.markkulepisto.com\/?product=markku-lepisto-silta\">Continue reading <span class=\"meta-nav\">&rarr;<\/span><\/a><\/p>\n","protected":false},"featured_media":1270,"comment_status":"open","ping_status":"closed","template":"","meta":[],"product_brand":[],"product_cat":[25],"product_tag":[],"class_list":{"0":"post-1485","1":"product","2":"type-product","3":"status-publish","4":"has-post-thumbnail","6":"product_cat-cds","7":"product_shipping_class-light-shipping","9":"first","10":"instock","11":"taxable","12":"shipping-taxable","13":"purchasable","14":"product-type-simple"},"_links":{"self":[{"href":"https:\/\/www.markkulepisto.com\/index.php?rest_route=\/wp\/v2\/product\/1485","targetHints":{"allow":["GET"]}}],"collection":[{"href":"https:\/\/www.markkulepisto.com\/index.php?rest_route=\/wp\/v2\/product"}],"about":[{"href":"https:\/\/www.markkulepisto.com\/index.php?rest_route=\/wp\/v2\/types\/product"}],"replies":[{"embeddable":true,"href":"https:\/\/www.markkulepisto.com\/index.php?rest_route=%2Fwp%2Fv2%2Fcomments&post=1485"}],"version-history":[{"count":2,"href":"https:\/\/www.markkulepisto.com\/index.php?rest_route=\/wp\/v2\/product\/1485\/revisions"}],"predecessor-version":[{"id":1797,"href":"https:\/\/www.markkulepisto.com\/index.php?rest_route=\/wp\/v2\/product\/1485\/revisions\/1797"}],"wp:featuredmedia":[{"embeddable":true,"href":"https:\/\/www.markkulepisto.com\/index.php?rest_route=\/wp\/v2\/media\/1270"}],"wp:attachment":[{"href":"https:\/\/www.markkulepisto.com\/index.php?rest_route=%2Fwp%2Fv2%2Fmedia&parent=1485"}],"wp:term":[{"taxonomy":"product_brand","embeddable":true,"href":"https:\/\/www.markkulepisto.com\/index.php?rest_route=%2Fwp%2Fv2%2Fproduct_brand&post=1485"},{"taxonomy":"product_cat","embeddable":true,"href":"https:\/\/www.markkulepisto.com\/index.php?rest_route=%2Fwp%2Fv2%2Fproduct_cat&post=1485"},{"taxonomy":"product_tag","embeddable":true,"href":"https:\/\/www.markkulepisto.com\/index.php?rest_route=%2Fwp%2Fv2%2Fproduct_tag&post=1485"}],"curies":[{"name":"wp","href":"https:\/\/api.w.org\/{rel}","templated":true}]}}